posite?
True
Is 7829 a prime number?
True
Is 31757 a composite number?
True
Is 109853 a composite number?
True
Is 71287 composite?
False
Is 33521 prime?
True
Is 136417 prime?
True
Is 46261 a prime number?
True
Is 36599 prime?
True
Is 769453 prime?
True
Is 1150297 a composite number?
True
Is 28459 composite?
True
Is 489479 composite?
False
Is 44949 composite?
True
Is 301811 a composite number?
True
Is 11621 a composite number?
False
Is 3899 composite?
True
Is 2319043 prime?
False
Is 5060681 a composite number?
False
Is 83579 a composite number?
False
Is 449791 prime?
False
Is 13829 composite?
False
Is 16723 composite?
True
Is 167057 a prime number?
False
Is 54101 composite?
False
Is 1207 a prime number?
False
Is 68269 a prime number?
False
Is 19631 composite?
True
Is 2961373 composite?
False
Is 166151 a prime number?
True
Is 252305 a composite number?
True
Is 251189 a prime number?
False
Is 9961 composite?
True
Is 17002 composite?
True
Is 54193 prime?
True
Is 12079 a prime number?
False
Is 68711 composite?
False
Is 2387719 prime?
False
Is 9491 prime?
True
Is 3989 composite?
False
Is 295357 a prime number?
True
Is 160837 prime?
False
Is 217849 a prime number?
True
Is 2669 prime?
False
Is 35218 prime?
False
Is 32107 composite?
True
Is 5471 prime?
True
Is 236449 composite?
False
Is 99923 a prime number?
True
Is 132079 prime?
False
Is 360061 a prime number?
False
Is 158071 prime?
True
Is 219323 a composite number?
True
Is 217849 composite?
False
Is 16843 prime?
True
Is 903581 prime?
False
Is 618703 prime?
True
Is 996131 composite?
True
Is 401309 composite?
False
Is 2021 composite?
True
Is 278169 a prime number?
False
Is 397469 a composite number?
False
Is 52474 composite?
True
Is 4758581 composite?
True
Is 1861 composite?
False
Is 379749 composite?
True
Is 216893 prime?
False
Is 2203 a prime number?
True
Is 452927 a composite number?
True
Is 252533 a prime number?
True
Is 20602 composite?
True
Is 179519 a prime number?
True
Is 22394 a prime number?
False
Is 5923 a prime number?
True
Is 552277 a prime number?
False
Is 1671997 a prime number?
True
Is 103171 a composite number?
False
Is 6439 composite?
True
Is 493693 composite?
False
Is 21059 a prime number?
True
Is 4963 a prime number?
False
Is 4084321 a composite number?
True
Is 7411 a prime number?
True
Is 251 a prime number?
True
Is 16735 composite?
True
Is 612713 prime?
True
Is 15401 a composite number?
False
Is 117739 a composite number?
True
Is 21865 prime?
False
Is 159781 composite?
True
Is 86495 a composite number?
True
Is 646721 composite?
False
Is 6803 a prime number?
True
Is 3989 composite?
False
Is 294123 a composite number?
True
Is 16447 composite?
False
Is 54181 a prime number?
True
Is 136163 composite?
False
Is 13165 prime?
False
Is 10903 a composite number?
False
Is 46193 a prime number?
False
Is 76819 a prime number?
True
Is 6928021 a composite number?
False
Is 1034549 composite?
False
Is 159073 composite?
False
Is 1739 a composite number?
True
Is 694685 a prime number?
False
Is 922191 prime?
False
Is 170227 a composite number?
False
Is 76361 prime?
False
Is 22846 a prime number?
False
Is 36523 composite?
False
Is 74614 prime?
False
Is 687917 a prime number?
True
Is 2250965 prime?
False
Is 61717 prime?
True
Is 78805 a composite number?
True
Is 27647 composite?
False
Is 743417 prime?
False
Is 45707 a prime number?
True
Is 47039 a composite number?
True
Is 11081 prime?
False
Is 31451 prime?
False
Is 86126 a prime number?
False
Is 40379 a composite number?
True
Is 33665 a prime number?
False
Is 23 composite?
False
Is 17074 a composite number?
True
Is 18701 composite?
False
Is 10817 a composite number?
True
Is 69539 a composite number?
False
Is 758337 prime?
False
Is 19553 a composite number?
False
Is 25985 a prime number?
False
Is 16495 composite?
True
Is 7717 a composite number?
False
Is 221251 a composite number?
False
Is 6229 a prime number?
True
Is 5003 a prime number?
True
Is 7823 prime?
True
Is 15391 composite?
False
Is 16726 a prime number?
False
Is 1507 a prime number?
False
Is 17621 prime?
False
Is 2190737 a prime number?
True
Is 1707 composite?
True
Is 303989 composite?
True
Is 795895 a prime number?
False
Is 22189 a composite number?
False
Is 367357 a prime number?
True
Is 628151 composite?
True
Is 305897 a composite number?
True
Is 69143 a prime number?
True
Is 14387 composite?
False
Is 1759 a prime number?
True
Is 7109 composite?
False
Is 748687 composite?
False
Is 58657 prime?
True
Is 875699 prime?
False
Is 13811 prime?
False
Is 473633 composite?
False
Is 247189 composite?
True
Is 93565 prime?
False
Is 632839 composite?
False
Is 744153 a composite number?
True
Is 1399 a composite number?
False
Is 4030765 a prime number?
False
Is 6452011 a prime number?
True
Is 322721 composite?
True
Is 257899 a prime number?
False
Is 318127 a prime number?
True
Is 358349 a composite number?
False
Is 42991 a prime number?
False
Is 64399 prime?
True
Is 169457 a prime number?
True
Is 2843 a composite number?
False
Is 2771 prime?
False
Is 1850377 composite?
True
Is 203531 a composite number?
False
Is 44839 a prime number?
True
Is 2371537 composite?
True
Is 4751 a prime number?
True
Is 31043 prime?
False
Is 340069 composite?
True
Is 653143 a composite number?
False
Is 183769 composite?
True
Is 13387 a composite number?
True
Is 838991 a prime number?
True
Is 81181 a composite number?
False
Is 14777 a composite number?
True
Is 151871 prime?
True
Is 1262617 a prime number?
True
Is 128569 prime?
False
Is 33997 a prime number?
True
Is 45053 composite?
False
Is 787003 prime?
False
Is 563282 prime?
False
Is 541817 composite?
False
Is 2180251 prime?
True
Is 38417 prime?
False
Is 1165943 a prime number?
True
Is 28727 a composite number?
True
Is 55983 prime?
False
Is 10405 a prime number?
False
Is 75459 a composite number?
True
Is 3017 a composite number?
True
Is 51599 composite?
False
Is 95605 a prime number?
False
Is 18883 composite?
True
Is 2019071 composite?
False
Is 40801 prime?
True
Is 259427 composite?
True
Is 3019 a prime number?
True
Is 4397 a prime number?
True
Is 1671311 a prime number?
True
Is 807 composite?
True
Is 6007 composite?
False
Is 26513 prime?
True
Is 6947 a composite number?
False
Is 373727 a prime number?
False
Is 28019 a prime number?
True
Is 309077 composite?
True
Is 1477 composite?
True
Is 423589 composite?
True
Is 8329 prime?
True
Is 9791 prime?
True
Is 1973 composite?
False
Is 160459 prime?
False
Is 646933 composite?
True
Is 14321 a prime number?
True
Is 149243 prime?
False
Is 16613 composite?
True
Is 6087 a prime number?
False
Is 1457 composite?
True
Is 34031 composite?
False
Is 3867 a composite number?
True
Is 516599 a prime number?
True
Is 11269 a composite number?
True
Is 895 a composite number?
True
Is 109979 prime?
False
Is 6121 a composite number?
False
Is 87923 a prime number?
False
Is 1964711 prime?
False
Is 319309 a prime number?
False
Is 10841 a prime number?
False
Is 1629973 composite?
True
Is 79057 a prime number?
False
Is 2123 composite?
True
Is 1598089 a composite number?
False
Is 188873 a prime number?
False
Is 285295 composite?
True
Is 23717 prime?
False
Is 670447 composite?
False
Is 1096039 a prime number?
False
Is 34019 prime?
True
Is 6583 composite?
True
Is 346 composite?
True
Is 905009 prime?
False
Is 974 a prime number?
False
Is 203297 prime?
False
Is 29819 composite?
False
Is 16327 a prime number?
False
Is 3197 prime?
False
Is 27338 composite?
True
Is 908621 a prime number?
False
Is 22469 a prime number?
True
Is 40909 prime?
False
Is 470279 a prime number?
True
Is 39599 prime?
False
Is 59663 composite?
False
Is 1647213 prime?
False
Is 6431 a composite number?
True
Is 63901 a prime number?
True
Is 3449 composite?
False
Is 4481 composite?
False
Is 630067 prime?
True
Is 28667 a composite number?
True
Is 163109 composite?
False
Is 4909 a prime number?
True
Is 18311 prime?
True
Is 72461 composite?
False
Is 34309 composite?
True
Is 5921 a composite number?
True
Is 64867 composite?
True
Is 16609 a prime number?
False
Is 42557 composite?
False
Is 192059 prime?
False
Is 21911 prime?
True
Is 135553 composite?
True
Is 18199 prime?
True
Is 3431 composite?
True
Is 91283 prime?
True
Is 16715 a composite number?
True
Is 446 composite?
True
Is 18839 a prime number